{"id":8460,"date":"2024-02-23T23:32:11","date_gmt":"2024-02-24T02:32:11","guid":{"rendered":"https:\/\/ww2.hiperdomestica.com.br\/?page_id=8460"},"modified":"2024-03-09T11:08:04","modified_gmt":"2024-03-09T14:08:04","slug":"recuperacao-de-tributos","status":"publish","type":"page","link":"https:\/\/www.hiperdomestica.com.br\/index.php\/recuperacao-de-tributos\/","title":{"rendered":"Recupera\u00e7\u00e3o de Tributos"},"content":{"rendered":"<p>[et_pb_section fb_built=&#8221;1&#8243; _builder_version=&#8221;4.23.4&#8243; _module_preset=&#8221;default&#8221; background_enable_color=&#8221;off&#8221; global_colors_info=&#8221;{%22gcid-a1adbbfa-6326-494d-9dcc-45559ab18e27%22:%91%22background_color%22%93}&#8221;][et_pb_row _builder_version=&#8221;4.23.4&#8243; _module_preset=&#8221;default&#8221; global_colors_info=&#8221;{}&#8221;][et_pb_column type=&#8221;4_4&#8243; _builder_version=&#8221;4.23.4&#8243; _module_preset=&#8221;default&#8221; global_colors_info=&#8221;{}&#8221;][et_pb_text _builder_version=&#8221;4.23.4&#8243; _module_preset=&#8221;default&#8221; text_font=&#8221;|600|||||||&#8221; text_text_color=&#8221;gcid-87db0e38-82fa-49e8-b048-d715046909f5&#8243; text_font_size=&#8221;18px&#8221; text_line_height=&#8221;1.4em&#8221; header_font=&#8221;|600|||||||&#8221; header_text_align=&#8221;center&#8221; header_font_size=&#8221;36px&#8221; text_orientation=&#8221;center&#8221; global_colors_info=&#8221;{%22gcid-87db0e38-82fa-49e8-b048-d715046909f5%22:%91%22text_text_color%22%93}&#8221;]<\/p>\n<p>SERVI\u00c7OS<\/p>\n<h1>Recupera\u00e7\u00e3o de Tributos<\/h1>\n<p>[\/et_pb_text][\/et_pb_column][\/et_pb_row][et_pb_row use_custom_gutter=&#8221;on&#8221; gutter_width=&#8221;2&#8243; make_equal=&#8221;on&#8221; _builder_version=&#8221;4.23.4&#8243; _module_preset=&#8221;default&#8221; width=&#8221;40%&#8221; width_tablet=&#8221;40%&#8221; width_phone=&#8221;80%&#8221; width_last_edited=&#8221;on|phone&#8221; global_colors_info=&#8221;{}&#8221;][et_pb_column type=&#8221;4_4&#8243; _builder_version=&#8221;4.20.2&#8243; _module_preset=&#8221;default&#8221; background_enable_color=&#8221;off&#8221; custom_padding=&#8221;||||false|false&#8221; global_colors_info=&#8221;{}&#8221;][et_pb_divider color=&#8221;gcid-4147f84c-bbd5-4200-b98b-53e6cecc9e66&#8243; divider_weight=&#8221;4px&#8221; _builder_version=&#8221;4.23.4&#8243; _module_preset=&#8221;default&#8221; global_colors_info=&#8221;{%22gcid-4147f84c-bbd5-4200-b98b-53e6cecc9e66%22:%91%22color%22%93}&#8221;][\/et_pb_divider][\/et_pb_column][\/et_pb_row][et_pb_row column_structure=&#8221;2_5,3_5&#8243; use_custom_gutter=&#8221;on&#8221; gutter_width=&#8221;2&#8243; make_equal=&#8221;on&#8221; _builder_version=&#8221;4.23.4&#8243; _module_preset=&#8221;default&#8221; width=&#8221;40%&#8221; width_tablet=&#8221;40%&#8221; width_phone=&#8221;80%&#8221; width_last_edited=&#8221;on|phone&#8221; global_colors_info=&#8221;{}&#8221;][et_pb_column type=&#8221;2_5&#8243; _builder_version=&#8221;4.20.2&#8243; _module_preset=&#8221;default&#8221; background_enable_color=&#8221;off&#8221; custom_padding=&#8221;||||false|false&#8221; global_colors_info=&#8221;{}&#8221;][et_pb_image src=&#8221;https:\/\/www.hiperdomestica.com.br\/wp-content\/uploads\/2024\/02\/icone_ir-na-fonte_02.png&#8221; title_text=&#8221;icone_ir-na-fonte_02&#8243; _builder_version=&#8221;4.24.2&#8243; _module_preset=&#8221;default&#8221; hover_enabled=&#8221;0&#8243; global_colors_info=&#8221;{}&#8221; sticky_enabled=&#8221;0&#8243;][\/et_pb_image][\/et_pb_column][et_pb_column type=&#8221;3_5&#8243; _builder_version=&#8221;4.20.2&#8243; _module_preset=&#8221;default&#8221; background_enable_color=&#8221;off&#8221; custom_padding=&#8221;||||false|false&#8221; global_colors_info=&#8221;{}&#8221;][et_pb_text _builder_version=&#8221;4.23.4&#8243; _module_preset=&#8221;default&#8221; text_font=&#8221;||||||||&#8221; text_text_color=&#8221;gcid-ae532b46-e891-4615-9a46-89e4ff9aa429&#8243; text_font_size=&#8221;18px&#8221; text_line_height=&#8221;1.3em&#8221; background_layout=&#8221;dark&#8221; global_colors_info=&#8221;{%22gcid-ae532b46-e891-4615-9a46-89e4ff9aa429%22:%91%22text_text_color%22%93}&#8221;]<\/p>\n<p>Voc\u00ea sabia que, caso tenha pago uma Guia DAE da mesma compet\u00eancia 2 vezes, conseguimos fazer a Recupera\u00e7\u00e3o do Valor pago a Maior?<\/p>\n<p>A Hiper Dom\u00e9stica faz todo esse processo burocr\u00e1tico para voc\u00ea! O Servi\u00e7o consiste em recuperar os valores referentes as guias DAE pagas em duplicidade , recuperando seus tributos atrav\u00e9s de Processo Administrativo Presencial junto \u00e0 Caixa Econ\u00f4mica Federal e Processo Administrativo Virtual junto ao Portal e-CAC.<\/p>\n<ul><\/ul>\n<p>[\/et_pb_text][\/et_pb_column][\/et_pb_row][et_pb_row _builder_version=&#8221;4.23.4&#8243; _module_preset=&#8221;default&#8221; custom_padding=&#8221;60px||60px||true|false&#8221; global_colors_info=&#8221;{}&#8221;][et_pb_column type=&#8221;4_4&#8243; _builder_version=&#8221;4.23.4&#8243; _module_preset=&#8221;default&#8221; global_colors_info=&#8221;{}&#8221;][et_pb_button button_url=&#8221;https:\/\/landbot.pro\/v3\/H-1719009-BVQ5X05UXJPPW4MX\/index.html&#8221; button_text=&#8221;Contrate agora&#8221; button_alignment=&#8221;center&#8221; _builder_version=&#8221;4.24.2&#8243; _module_preset=&#8221;default&#8221; custom_button=&#8221;on&#8221; button_text_size=&#8221;24px&#8221; button_bg_color=&#8221;gcid-ae532b46-e891-4615-9a46-89e4ff9aa429&#8243; button_border_width=&#8221;0px&#8221; button_border_radius=&#8221;10px&#8221; button_use_icon=&#8221;off&#8221; background_layout=&#8221;dark&#8221; custom_margin=&#8221;||||false|false&#8221; button_border_width_tablet=&#8221;0px&#8221; button_border_width_phone=&#8221;0px&#8221; button_border_width_last_edited=&#8221;on|desktop&#8221; global_colors_info=&#8221;{%22gcid-ae532b46-e891-4615-9a46-89e4ff9aa429%22:%91%22button_bg_color%22%93}&#8221;][\/et_pb_button][\/et_pb_column][\/et_pb_row][\/et_pb_section]<\/p>\n","protected":false},"excerpt":{"rendered":"<p>SERVI\u00c7OS Recupera\u00e7\u00e3o de TributosVoc\u00ea sabia que, caso tenha pago uma Guia DAE da mesma compet\u00eancia 2 vezes, conseguimos fazer a Recupera\u00e7\u00e3o do Valor pago a Maior? A Hiper Dom\u00e9stica faz todo esse processo burocr\u00e1tico para voc\u00ea! O Servi\u00e7o consiste em recuperar os valores referentes as guias DAE pagas em duplicidade , recuperando seus tributos atrav\u00e9s [&hellip;]<\/p>\n","protected":false},"author":1,"featured_media":0,"parent":0,"menu_order":0,"comment_status":"closed","ping_status":"closed","template":"","meta":{"_et_pb_use_builder":"on","_et_pb_old_content":"","_et_gb_content_width":"","footnotes":""},"yoast_head":"<!-- This site is optimized with the Yoast SEO plugin v23.5 - https:\/\/yoast.com\/wordpress\/plugins\/seo\/ -->\n<title>Recupera\u00e7\u00e3o de Tributos - Hiper Dom\u00e9stica<\/title>\n<meta name=\"robots\" content=\"index, follow, max-snippet:-1, max-image-preview:large, max-video-preview:-1\" \/>\n<link rel=\"canonical\" href=\"https:\/\/www.hiperdomestica.com.br\/index.php\/recuperacao-de-tributos\/\" \/>\n<meta property=\"og:locale\" content=\"pt_BR\" \/>\n<meta property=\"og:type\" content=\"article\" \/>\n<meta property=\"og:title\" content=\"Recupera\u00e7\u00e3o de Tributos - Hiper Dom\u00e9stica\" \/>\n<meta property=\"og:description\" content=\"SERVI\u00c7OS Recupera\u00e7\u00e3o de TributosVoc\u00ea sabia que, caso tenha pago uma Guia DAE da mesma compet\u00eancia 2 vezes, conseguimos fazer a Recupera\u00e7\u00e3o do Valor pago a Maior? A Hiper Dom\u00e9stica faz todo esse processo burocr\u00e1tico para voc\u00ea! O Servi\u00e7o consiste em recuperar os valores referentes as guias DAE pagas em duplicidade , recuperando seus tributos atrav\u00e9s [&hellip;]\" \/>\n<meta property=\"og:url\" content=\"https:\/\/www.hiperdomestica.com.br\/index.php\/recuperacao-de-tributos\/\" \/>\n<meta property=\"og:site_name\" content=\"Hiper Dom\u00e9stica\" \/>\n<meta property=\"article:publisher\" content=\"https:\/\/www.facebook.com\/hiperdomestica\" \/>\n<meta property=\"article:modified_time\" content=\"2024-03-09T14:08:04+00:00\" \/>\n<meta name=\"twitter:card\" content=\"summary_large_image\" \/>\n<meta name=\"twitter:label1\" content=\"Est. tempo de leitura\" \/>\n\t<meta name=\"twitter:data1\" content=\"3 minutos\" \/>\n<script type=\"application\/ld+json\" class=\"yoast-schema-graph\">{\"@context\":\"https:\/\/schema.org\",\"@graph\":[{\"@type\":\"WebPage\",\"@id\":\"https:\/\/www.hiperdomestica.com.br\/index.php\/recuperacao-de-tributos\/\",\"url\":\"https:\/\/www.hiperdomestica.com.br\/index.php\/recuperacao-de-tributos\/\",\"name\":\"Recupera\u00e7\u00e3o de Tributos - Hiper Dom\u00e9stica\",\"isPartOf\":{\"@id\":\"https:\/\/www.hiperdomestica.com.br\/#website\"},\"datePublished\":\"2024-02-24T02:32:11+00:00\",\"dateModified\":\"2024-03-09T14:08:04+00:00\",\"breadcrumb\":{\"@id\":\"https:\/\/www.hiperdomestica.com.br\/index.php\/recuperacao-de-tributos\/#breadcrumb\"},\"inLanguage\":\"pt-BR\",\"potentialAction\":[{\"@type\":\"ReadAction\",\"target\":[\"https:\/\/www.hiperdomestica.com.br\/index.php\/recuperacao-de-tributos\/\"]}]},{\"@type\":\"BreadcrumbList\",\"@id\":\"https:\/\/www.hiperdomestica.com.br\/index.php\/recuperacao-de-tributos\/#breadcrumb\",\"itemListElement\":[{\"@type\":\"ListItem\",\"position\":1,\"name\":\"In\u00edcio\",\"item\":\"https:\/\/www.hiperdomestica.com.br\/\"},{\"@type\":\"ListItem\",\"position\":2,\"name\":\"Recupera\u00e7\u00e3o de Tributos\"}]},{\"@type\":\"WebSite\",\"@id\":\"https:\/\/www.hiperdomestica.com.br\/#website\",\"url\":\"https:\/\/www.hiperdomestica.com.br\/\",\"name\":\"Hiper Dom\u00e9stica\",\"description\":\"\",\"publisher\":{\"@id\":\"https:\/\/www.hiperdomestica.com.br\/#organization\"},\"potentialAction\":[{\"@type\":\"SearchAction\",\"target\":{\"@type\":\"EntryPoint\",\"urlTemplate\":\"https:\/\/www.hiperdomestica.com.br\/?s={search_term_string}\"},\"query-input\":{\"@type\":\"PropertyValueSpecification\",\"valueRequired\":true,\"valueName\":\"search_term_string\"}}],\"inLanguage\":\"pt-BR\"},{\"@type\":\"Organization\",\"@id\":\"https:\/\/www.hiperdomestica.com.br\/#organization\",\"name\":\"Hiper Dom\u00e9stica\",\"url\":\"https:\/\/www.hiperdomestica.com.br\/\",\"logo\":{\"@type\":\"ImageObject\",\"inLanguage\":\"pt-BR\",\"@id\":\"https:\/\/www.hiperdomestica.com.br\/#\/schema\/logo\/image\/\",\"url\":\"https:\/\/www.hiperdomestica.com.br\/wp-content\/uploads\/2024\/02\/LOGO_HIPERDOMESTICA_Inteligente_300.png\",\"contentUrl\":\"https:\/\/www.hiperdomestica.com.br\/wp-content\/uploads\/2024\/02\/LOGO_HIPERDOMESTICA_Inteligente_300.png\",\"width\":300,\"height\":108,\"caption\":\"Hiper Dom\u00e9stica\"},\"image\":{\"@id\":\"https:\/\/www.hiperdomestica.com.br\/#\/schema\/logo\/image\/\"},\"sameAs\":[\"https:\/\/www.facebook.com\/hiperdomestica\",\"https:\/\/www.instagram.com\/hiperdomestica\/\"]}]}<\/script>\n<!-- \/ Yoast SEO plugin. -->","yoast_head_json":{"title":"Recupera\u00e7\u00e3o de Tributos - Hiper Dom\u00e9stica","robots":{"index":"index","follow":"follow","max-snippet":"max-snippet:-1","max-image-preview":"max-image-preview:large","max-video-preview":"max-video-preview:-1"},"canonical":"https:\/\/www.hiperdomestica.com.br\/index.php\/recuperacao-de-tributos\/","og_locale":"pt_BR","og_type":"article","og_title":"Recupera\u00e7\u00e3o de Tributos - Hiper Dom\u00e9stica","og_description":"SERVI\u00c7OS Recupera\u00e7\u00e3o de TributosVoc\u00ea sabia que, caso tenha pago uma Guia DAE da mesma compet\u00eancia 2 vezes, conseguimos fazer a Recupera\u00e7\u00e3o do Valor pago a Maior? A Hiper Dom\u00e9stica faz todo esse processo burocr\u00e1tico para voc\u00ea! O Servi\u00e7o consiste em recuperar os valores referentes as guias DAE pagas em duplicidade , recuperando seus tributos atrav\u00e9s [&hellip;]","og_url":"https:\/\/www.hiperdomestica.com.br\/index.php\/recuperacao-de-tributos\/","og_site_name":"Hiper Dom\u00e9stica","article_publisher":"https:\/\/www.facebook.com\/hiperdomestica","article_modified_time":"2024-03-09T14:08:04+00:00","twitter_card":"summary_large_image","twitter_misc":{"Est. tempo de leitura":"3 minutos"},"schema":{"@context":"https:\/\/schema.org","@graph":[{"@type":"WebPage","@id":"https:\/\/www.hiperdomestica.com.br\/index.php\/recuperacao-de-tributos\/","url":"https:\/\/www.hiperdomestica.com.br\/index.php\/recuperacao-de-tributos\/","name":"Recupera\u00e7\u00e3o de Tributos - Hiper Dom\u00e9stica","isPartOf":{"@id":"https:\/\/www.hiperdomestica.com.br\/#website"},"datePublished":"2024-02-24T02:32:11+00:00","dateModified":"2024-03-09T14:08:04+00:00","breadcrumb":{"@id":"https:\/\/www.hiperdomestica.com.br\/index.php\/recuperacao-de-tributos\/#breadcrumb"},"inLanguage":"pt-BR","potentialAction":[{"@type":"ReadAction","target":["https:\/\/www.hiperdomestica.com.br\/index.php\/recuperacao-de-tributos\/"]}]},{"@type":"BreadcrumbList","@id":"https:\/\/www.hiperdomestica.com.br\/index.php\/recuperacao-de-tributos\/#breadcrumb","itemListElement":[{"@type":"ListItem","position":1,"name":"In\u00edcio","item":"https:\/\/www.hiperdomestica.com.br\/"},{"@type":"ListItem","position":2,"name":"Recupera\u00e7\u00e3o de Tributos"}]},{"@type":"WebSite","@id":"https:\/\/www.hiperdomestica.com.br\/#website","url":"https:\/\/www.hiperdomestica.com.br\/","name":"Hiper Dom\u00e9stica","description":"","publisher":{"@id":"https:\/\/www.hiperdomestica.com.br\/#organization"},"potentialAction":[{"@type":"SearchAction","target":{"@type":"EntryPoint","urlTemplate":"https:\/\/www.hiperdomestica.com.br\/?s={search_term_string}"},"query-input":{"@type":"PropertyValueSpecification","valueRequired":true,"valueName":"search_term_string"}}],"inLanguage":"pt-BR"},{"@type":"Organization","@id":"https:\/\/www.hiperdomestica.com.br\/#organization","name":"Hiper Dom\u00e9stica","url":"https:\/\/www.hiperdomestica.com.br\/","logo":{"@type":"ImageObject","inLanguage":"pt-BR","@id":"https:\/\/www.hiperdomestica.com.br\/#\/schema\/logo\/image\/","url":"https:\/\/www.hiperdomestica.com.br\/wp-content\/uploads\/2024\/02\/LOGO_HIPERDOMESTICA_Inteligente_300.png","contentUrl":"https:\/\/www.hiperdomestica.com.br\/wp-content\/uploads\/2024\/02\/LOGO_HIPERDOMESTICA_Inteligente_300.png","width":300,"height":108,"caption":"Hiper Dom\u00e9stica"},"image":{"@id":"https:\/\/www.hiperdomestica.com.br\/#\/schema\/logo\/image\/"},"sameAs":["https:\/\/www.facebook.com\/hiperdomestica","https:\/\/www.instagram.com\/hiperdomestica\/"]}]}},"_links":{"self":[{"href":"https:\/\/www.hiperdomestica.com.br\/index.php\/wp-json\/wp\/v2\/pages\/8460"}],"collection":[{"href":"https:\/\/www.hiperdomestica.com.br\/index.php\/wp-json\/wp\/v2\/pages"}],"about":[{"href":"https:\/\/www.hiperdomestica.com.br\/index.php\/wp-json\/wp\/v2\/types\/page"}],"author":[{"embeddable":true,"href":"https:\/\/www.hiperdomestica.com.br\/index.php\/wp-json\/wp\/v2\/users\/1"}],"replies":[{"embeddable":true,"href":"https:\/\/www.hiperdomestica.com.br\/index.php\/wp-json\/wp\/v2\/comments?post=8460"}],"version-history":[{"count":5,"href":"https:\/\/www.hiperdomestica.com.br\/index.php\/wp-json\/wp\/v2\/pages\/8460\/revisions"}],"predecessor-version":[{"id":8670,"href":"https:\/\/www.hiperdomestica.com.br\/index.php\/wp-json\/wp\/v2\/pages\/8460\/revisions\/8670"}],"wp:attachment":[{"href":"https:\/\/www.hiperdomestica.com.br\/index.php\/wp-json\/wp\/v2\/media?parent=8460"}],"curies":[{"name":"wp","href":"https:\/\/api.w.org\/{rel}","templated":true}]}}