{"id":8388,"date":"2024-02-23T23:08:53","date_gmt":"2024-02-24T02:08:53","guid":{"rendered":"https:\/\/ww2.hiperdomestica.com.br\/?page_id=8388"},"modified":"2024-03-09T11:19:57","modified_gmt":"2024-03-09T14:19:57","slug":"duvidas-frequentes","status":"publish","type":"page","link":"https:\/\/www.hiperdomestica.com.br\/index.php\/duvidas-frequentes\/","title":{"rendered":"D\u00favidas Frequentes"},"content":{"rendered":"<p>[et_pb_section fb_built=&#8221;1&#8243; _builder_version=&#8221;4.23.4&#8243; _module_preset=&#8221;default&#8221; background_enable_color=&#8221;off&#8221; global_colors_info=&#8221;{%22gcid-4147f84c-bbd5-4200-b98b-53e6cecc9e66%22:%91%22background_color%22%93}&#8221;][et_pb_row _builder_version=&#8221;4.23.4&#8243; _module_preset=&#8221;default&#8221; width_tablet=&#8221;&#8221; width_phone=&#8221;90%&#8221; width_last_edited=&#8221;on|phone&#8221; global_colors_info=&#8221;{}&#8221;][et_pb_column type=&#8221;4_4&#8243; _builder_version=&#8221;4.23.4&#8243; _module_preset=&#8221;default&#8221; global_colors_info=&#8221;{}&#8221;][et_pb_text _builder_version=&#8221;4.23.4&#8243; _module_preset=&#8221;default&#8221; header_font=&#8221;|600|||||||&#8221; header_text_align=&#8221;center&#8221; header_text_color=&#8221;gcid-82f87b9c-17b1-405d-85a0-154b3324a56d&#8221; header_font_size=&#8221;36px&#8221; global_colors_info=&#8221;{%22gcid-82f87b9c-17b1-405d-85a0-154b3324a56d%22:%91%22header_text_color%22%93}&#8221;]<\/p>\n<h1>D\u00daVIDAS FREQUENTES<\/h1>\n<p>[\/et_pb_text][pac_dtm_parent pac_dtm_position=&#8221;left&#8221; pac_dtm_position_tab_let=&#8221;horizontal&#8221; pac_dtm_position_ph_one=&#8221;horizontal&#8221; pac_dtm_scroll_ph_one=&#8221;on&#8221; pac_dtm_active_tab_pointer=&#8221;on&#8221; pac_dtm_active_tab_pointer_position=&#8221;inside&#8221; pac_dtm_show_subtitle_active=&#8221;off&#8221; pac_dtm_show_icon_img_active=&#8221;off&#8221; pac_dtm_active_tab_pointer_color=&#8221;gcid-ae532b46-e891-4615-9a46-89e4ff9aa429&#8243; pac_dtm_animation_tabs=&#8221;on&#8221; pac_dtm_animation_effect_tab=&#8221;slidertb&#8221; pac_dtm_active_tab_moving_border_color=&#8221;gcid-836c8fd8-6fc7-4c93-b065-a9e39d44ff9f&#8221; pac_dtm_show_subtitle_inactive=&#8221;off&#8221; pac_dtm_show_icon_img_inactive=&#8221;off&#8221; pac_dtm_inactive_tab_background_color=&#8221;RGBA(255,255,255,0)&#8221; pac_dtm_content_bg_color=&#8221;#FFFFFF&#8221; pac_dtm_tab_content_margin=&#8221;0px|20px|0px|20px|false|true&#8221; pac_dtm_content_scroll_color=&#8221;gcid-87db0e38-82fa-49e8-b048-d715046909f5&#8243; pac_dtm_tabs_container_line_color=&#8221;#FFFFFF&#8221; pac_dtm_tabs_container_bg_color=&#8221;#FFFFFF&#8221; _builder_version=&#8221;4.24.0&#8243; _module_preset=&#8221;default&#8221; pac_dtm_tab_content_fonts_line_height=&#8221;1.5em&#8221; heading1_line_height=&#8221;0em&#8221; pac_dtm_tab_title_fonts_font=&#8221;|600|||||||&#8221; pac_dtm_tab_title_fonts_text_color=&#8221;gcid-87db0e38-82fa-49e8-b048-d715046909f5&#8243; pac_dtm_active_tab_title_fonts_text_color=&#8221;gcid-ae532b46-e891-4615-9a46-89e4ff9aa429&#8243; background_enable_color=&#8221;off&#8221; border_width_all_pac_dtm_active_tab_border=&#8221;0px&#8221; border_radii_pac_dtm_nav_buttons_border=&#8221;on||||&#8221; global_colors_info=&#8221;{%22gcid-a1adbbfa-6326-494d-9dcc-45559ab18e27%22:%91%22background_color%22%93,%22gcid-87db0e38-82fa-49e8-b048-d715046909f5%22:%91%22pac_dtm_tab_title_fonts_text_color%22,%22pac_dtm_content_scroll_color%22%93,%22gcid-ae532b46-e891-4615-9a46-89e4ff9aa429%22:%91%22pac_dtm_active_tab_title_fonts_text_color%22,%22pac_dtm_active_tab_pointer_color%22%93,%22gcid-836c8fd8-6fc7-4c93-b065-a9e39d44ff9f%22:%91%22pac_dtm_active_tab_moving_border_color%22%93}&#8221;][pac_dtm_child pac_dtm_tab_label=&#8221;Admiss\u00e3o&#8221; pac_dtm_tab_bg_color_active=&#8221;#FFFFFF&#8221; pac_dtm_tab_bg_color=&#8221;RGBA(255,255,255,0)&#8221; _builder_version=&#8221;4.24.0&#8243; _dynamic_attributes=&#8221;content&#8221; _module_preset=&#8221;default&#8221; background_enable_color=&#8221;off&#8221; global_colors_info=&#8221;{%22gcid-a1adbbfa-6326-494d-9dcc-45559ab18e27%22:%91%22background_color%22%93}&#8221;]@ET-DC@eyJkeW5hbWljIjp0cnVlLCJjb250ZW50IjoicGFjX2R0bV9nYWxsZXJ5X2xheW91dHNfODM1NyIsInNldHRpbmdzIjp7ImJlZm9yZSI6IltwYWNfZHRtX2dhbGxlcnlfaXRlbSBpZD1cIjgzNTdcIl0ifX0=@[\/pac_dtm_child][pac_dtm_child pac_dtm_tab_label=&#8221;Vale Transporte&#8221; pac_dtm_tab_bg_color_active=&#8221;#FFFFFF&#8221; pac_dtm_tab_bg_color=&#8221;RGBA(255,255,255,0)&#8221; _builder_version=&#8221;4.24.0&#8243; _dynamic_attributes=&#8221;content&#8221; _module_preset=&#8221;default&#8221; background_enable_color=&#8221;off&#8221; global_colors_info=&#8221;{%22gcid-a1adbbfa-6326-494d-9dcc-45559ab18e27%22:%91%22background_color%22%93}&#8221;]@ET-DC@eyJkeW5hbWljIjp0cnVlLCJjb250ZW50IjoicGFjX2R0bV9nYWxsZXJ5X2xheW91dHNfODI2MCIsInNldHRpbmdzIjp7ImJlZm9yZSI6IltwYWNfZHRtX2dhbGxlcnlfaXRlbSBpZD1cIjgyNjBcIl0ifX0=@[\/pac_dtm_child][pac_dtm_child pac_dtm_tab_label=&#8221;Licen\u00e7a Maternidade&#8221; pac_dtm_tab_bg_color_active=&#8221;#FFFFFF&#8221; pac_dtm_tab_bg_color=&#8221;RGBA(255,255,255,0)&#8221; _builder_version=&#8221;4.24.0&#8243; _dynamic_attributes=&#8221;content&#8221; _module_preset=&#8221;default&#8221; global_colors_info=&#8221;{}&#8221;]@ET-DC@eyJkeW5hbWljIjp0cnVlLCJjb250ZW50IjoicGFjX2R0bV9nYWxsZXJ5X2xheW91dHNfODMxMyIsInNldHRpbmdzIjp7ImJlZm9yZSI6IltwYWNfZHRtX2dhbGxlcnlfaXRlbSBpZD1cIjgzMTNcIl0ifX0=@[\/pac_dtm_child][pac_dtm_child pac_dtm_tab_label=&#8221;Seguro-Desemprego&#8221; pac_dtm_tab_bg_color_active=&#8221;#FFFFFF&#8221; pac_dtm_tab_bg_color=&#8221;RGBA(255,255,255,0)&#8221; _builder_version=&#8221;4.23.4&#8243; _dynamic_attributes=&#8221;content&#8221; _module_preset=&#8221;default&#8221; global_colors_info=&#8221;{}&#8221;]@ET-DC@eyJkeW5hbWljIjp0cnVlLCJjb250ZW50IjoicGFjX2R0bV9nYWxsZXJ5X2xheW91dHNfODMyMiIsInNldHRpbmdzIjp7ImJlZm9yZSI6IltwYWNfZHRtX2dhbGxlcnlfaXRlbSBpZD1cIjgzMjJcIl0ifX0=@[\/pac_dtm_child][pac_dtm_child pac_dtm_tab_label=&#8221;F\u00e9rias&#8221; pac_dtm_tab_bg_color_active=&#8221;#FFFFFF&#8221; pac_dtm_tab_bg_color=&#8221;RGBA(255,255,255,0)&#8221; _builder_version=&#8221;4.23.4&#8243; _dynamic_attributes=&#8221;content&#8221; _module_preset=&#8221;default&#8221; global_colors_info=&#8221;{}&#8221;]@ET-DC@eyJkeW5hbWljIjp0cnVlLCJjb250ZW50IjoicGFjX2R0bV9nYWxsZXJ5X2xheW91dHNfODMzMCIsInNldHRpbmdzIjp7ImJlZm9yZSI6IltwYWNfZHRtX2dhbGxlcnlfaXRlbSBpZD1cIjgzMzBcIl0ifX0=@[\/pac_dtm_child][pac_dtm_child pac_dtm_tab_label=&#8221;Jornada de Trabalho&#8221; pac_dtm_tab_bg_color_active=&#8221;#FFFFFF&#8221; pac_dtm_tab_bg_color=&#8221;RGBA(255,255,255,0)&#8221; _builder_version=&#8221;4.23.4&#8243; _dynamic_attributes=&#8221;content&#8221; _module_preset=&#8221;default&#8221; global_colors_info=&#8221;{}&#8221;]@ET-DC@eyJkeW5hbWljIjp0cnVlLCJjb250ZW50IjoicGFjX2R0bV9nYWxsZXJ5X2xheW91dHNfODMzNiIsInNldHRpbmdzIjp7ImJlZm9yZSI6IltwYWNfZHRtX2dhbGxlcnlfaXRlbSBpZD1cIjgzMzZcIl0ifX0=@[\/pac_dtm_child][pac_dtm_child pac_dtm_tab_label=&#8221;Adicional Noturno&#8221; pac_dtm_tab_bg_color_active=&#8221;#FFFFFF&#8221; pac_dtm_tab_bg_color=&#8221;RGBA(255,255,255,0)&#8221; _builder_version=&#8221;4.23.4&#8243; _dynamic_attributes=&#8221;content&#8221; _module_preset=&#8221;default&#8221; global_colors_info=&#8221;{}&#8221;]@ET-DC@eyJkeW5hbWljIjp0cnVlLCJjb250ZW50IjoicGFjX2R0bV9nYWxsZXJ5X2xheW91dHNfODM1MCIsInNldHRpbmdzIjp7ImJlZm9yZSI6IltwYWNfZHRtX2dhbGxlcnlfaXRlbSBpZD1cIjgzNTBcIl0ifX0=@[\/pac_dtm_child][pac_dtm_child pac_dtm_tab_label=&#8221;Carteira de Trabalho Digital&#8221; pac_dtm_tab_bg_color_active=&#8221;#FFFFFF&#8221; pac_dtm_tab_bg_color=&#8221;RGBA(255,255,255,0)&#8221; _builder_version=&#8221;4.23.4&#8243; _dynamic_attributes=&#8221;content&#8221; _module_preset=&#8221;default&#8221; global_colors_info=&#8221;{}&#8221;]@ET-DC@eyJkeW5hbWljIjp0cnVlLCJjb250ZW50IjoicGFjX2R0bV9nYWxsZXJ5X2xheW91dHNfODM1MyIsInNldHRpbmdzIjp7ImJlZm9yZSI6IltwYWNfZHRtX2dhbGxlcnlfaXRlbSBpZD1cIjgzNTNcIl0ifX0=@[\/pac_dtm_child][\/pac_dtm_parent][\/et_pb_column][\/et_pb_row][\/et_pb_section][et_pb_section fb_built=&#8221;1&#8243; _builder_version=&#8221;4.23.4&#8243; _module_preset=&#8221;default&#8221; background_color=&#8221;gcid-ae532b46-e891-4615-9a46-89e4ff9aa429&#8243; custom_margin=&#8221;||||true|false&#8221; custom_padding=&#8221;0px||50px||false|false&#8221; global_colors_info=&#8221;{%22gcid-ae532b46-e891-4615-9a46-89e4ff9aa429%22:%91%22background_color%22%93}&#8221;][et_pb_row column_structure=&#8221;1_3,2_3&#8243; use_custom_gutter=&#8221;on&#8221; gutter_width=&#8221;2&#8243; make_equal=&#8221;on&#8221; _builder_version=&#8221;4.23.4&#8243; _module_preset=&#8221;default&#8221; background_enable_color=&#8221;off&#8221; custom_margin=&#8221;||||false|false&#8221; custom_padding=&#8221;||||false|false&#8221; border_color_all=&#8221;gcid-a6c50745-9f0a-4e3c-90ed-ac6b49ce8c04&#8243; global_colors_info=&#8221;{%22gcid-a6c50745-9f0a-4e3c-90ed-ac6b49ce8c04%22:%91%22border_color_all%22%93}&#8221;][et_pb_column type=&#8221;1_3&#8243; _builder_version=&#8221;4.22.2&#8243; _module_preset=&#8221;default&#8221; global_colors_info=&#8221;{}&#8221;][et_pb_image src=&#8221;https:\/\/www.hiperdomestica.com.br\/wp-content\/uploads\/2024\/02\/hs-brasil.png&#8221; title_text=&#8221;hs-brasil&#8221; align=&#8221;right&#8221; align_tablet=&#8221;right&#8221; align_phone=&#8221;center&#8221; align_last_edited=&#8221;on|phone&#8221; _builder_version=&#8221;4.24.2&#8243; _module_preset=&#8221;default&#8221; hover_enabled=&#8221;0&#8243; global_colors_info=&#8221;{}&#8221; sticky_enabled=&#8221;0&#8243;][\/et_pb_image][\/et_pb_column][et_pb_column type=&#8221;2_3&#8243; _builder_version=&#8221;4.23.4&#8243; _module_preset=&#8221;default&#8221; global_colors_info=&#8221;{}&#8221;][et_pb_text _builder_version=&#8221;4.23.4&#8243; _module_preset=&#8221;default&#8221; header_2_font=&#8221;|700|||||||&#8221; header_2_text_align=&#8221;left&#8221; header_2_text_color=&#8221;#FFFFFF&#8221; header_2_font_size=&#8221;36px&#8221; text_orientation=&#8221;right&#8221; background_layout=&#8221;dark&#8221; custom_margin=&#8221;25px||10px||false|false&#8221; header_2_text_align_tablet=&#8221;left&#8221; header_2_text_align_phone=&#8221;center&#8221; header_2_text_align_last_edited=&#8221;on|phone&#8221; global_colors_info=&#8221;{}&#8221;]<\/p>\n<h2>Atendemos clientes em todo Brasil!<\/h2>\n<p>[\/et_pb_text][et_pb_button button_url=&#8221;https:\/\/landbot.pro\/v3\/H-1719009-BVQ5X05UXJPPW4MX\/index.html&#8221; button_text=&#8221;Contrate agora mesmo&#8221; button_alignment=&#8221;left&#8221; button_alignment_tablet=&#8221;left&#8221; button_alignment_phone=&#8221;center&#8221; button_alignment_last_edited=&#8221;on|phone&#8221; _builder_version=&#8221;4.24.2&#8243; _module_preset=&#8221;default&#8221; custom_button=&#8221;on&#8221; button_text_color=&#8221;gcid-ae532b46-e891-4615-9a46-89e4ff9aa429&#8243; button_bg_color=&#8221;gcid-836c8fd8-6fc7-4c93-b065-a9e39d44ff9f&#8221; button_border_width=&#8221;0px&#8221; button_border_radius=&#8221;10px&#8221; button_letter_spacing=&#8221;0px&#8221; button_font=&#8221;|600|||||||&#8221; button_use_icon=&#8221;off&#8221; background_layout=&#8221;dark&#8221; custom_margin=&#8221;||||false|false&#8221; custom_padding=&#8221;||||true|true&#8221; hover_enabled=&#8221;0&#8243; box_shadow_style=&#8221;preset2&#8243; global_colors_info=&#8221;{%22gcid-836c8fd8-6fc7-4c93-b065-a9e39d44ff9f%22:%91%22button_bg_color%22%93,%22gcid-ae532b46-e891-4615-9a46-89e4ff9aa429%22:%91%22button_text_color%22%93}&#8221; sticky_enabled=&#8221;0&#8243;][\/et_pb_button][\/et_pb_column][\/et_pb_row][\/et_pb_section]<\/p>\n","protected":false},"excerpt":{"rendered":"<p>D\u00daVIDAS FREQUENTES<div class=\"et_pb_with_border et_pb_module pac_dtm_parent pac_dtm_parent_0\">\n\t\t\t\t\n\t\t\t\t\n\t\t\t\t\n\t\t\t\t\n\t\t\t\t\n\t\t\t\t\n\t\t\t\t<div class=\"et_pb_module_inner\">\n\t\t\t\t\t<div class=\"pac_dtm-wrapper pac_dtm-controls-bottom pac_dtm-controls-tablet-bottom pac_dtm-controls-phone-bottom\">\n                <div class=\"pac_dtm-controls pac_dtm-controls-off pac_dtm-controls-tablet-off pac_dtm-controls-phone-off\">\n                    <span class=\"pac_dtm-controls-single pac_dtm-prev\">Prev<\/span>\n                    <ul class=\"navs pac_dtm-navs\" role=\"tablist\">\n                        \n                    <\/ul>\n                    <span class=\"pac_dtm-controls-single pac_dtm-next\">Next<\/span>\n                <\/div>\n                <div class=\"pac_dtm_container pac_dtm-left pac_dtm-tablet-top pac_dtm-phone-top pac_dtm-navstyle-hiddennav\"\n                data-pac_dtm_mobile_menu_icon=\"off\"\n                data-pac_dtm_mobile_menu_icon_state=\"expanded\"\n                data-pac_dtm_tab_change_method=\"click\"\n                data-pac_dtm_tab_change_method_tablet=\"click\"\n                data-pac_dtm_tab_change_method_phone=\"click\"\n                data-pac_dtm_animation=\"off\"\n                data-pac_dtm_rotation=\"off\"\n                data-pac_dtm_rotation_tablet=\"off\"\n                data-pac_dtm_rotation_phone=\"off\"\n                data-pac_dtm_active_tab=\"1\"\n                data-pac_dtm_tabs_deeplinking=\"off\"\n                data-pac_dtm_animation_duration=\"500\"\n                data-pac_dtm_animation_effect=\"\"\n                data-pac_dtm_rotation_delay=\"3000\"\n                data-pac_dtm_rotation_onclick=\"off\">\n                    \n                    <ul class=\"pac_dtm_tabnav pac_dtm_tabnav-hidden-off pac_dtm_tabnav-hidden-tablet-off pac_dtm_tabnav-hidden-phone-off pac_dtm-fullwidth-off pac_dtm-fullwidth-tablet-off pac_dtm-fullwidth-phone-off\" role=\"tablist\">\n                        \n                    <\/ul>\n                    <div class=\"pac_dtm_child_container \">\n                        \n                    <\/div>\n                <\/div>\n            <\/div>\n\t\t\t\t<\/div>\n\t\t\t<\/div><div class=\"et_pb_module pac_dtm_child pac_dtm_child_0\">\n\t\t\t\t\n\t\t\t\t\n\t\t\t\t\n\t\t\t\t\n\t\t\t\t\n\t\t\t\t\n\t\t\t\t<div class=\"et_pb_module_inner\">\n\t\t\t\t\t<div class=\"pac_dtm-child\" id=\"pac_dtm_child_0\" data-index=\"-1\">\n\t\t\t\t\t\n\t\t\t<\/div>\n\t\t\t\t<\/div>\n\t\t\t<\/div><div class=\"et_pb_module pac_dtm_child pac_dtm_child_1\">\n\t\t\t\t\n\t\t\t\t\n\t\t\t\t\n\t\t\t\t\n\t\t\t\t\n\t\t\t\t\n\t\t\t\t<div class=\"et_pb_module_inner\">\n\t\t\t\t\t<div class=\"pac_dtm-child\" id=\"pac_dtm_child_1\" data-index=\"0\">\n\t\t\t\t\t\n\t\t\t<\/div>\n\t\t\t\t<\/div>\n\t\t\t<\/div><div class=\"et_pb_module pac_dtm_child pac_dtm_child_2\">\n\t\t\t\t\n\t\t\t\t\n\t\t\t\t\n\t\t\t\t\n\t\t\t\t\n\t\t\t\t\n\t\t\t\t<div class=\"et_pb_module_inner\">\n\t\t\t\t\t<div class=\"pac_dtm-child\" id=\"pac_dtm_child_2\" data-index=\"1\">\n\t\t\t\t\t\n\t\t\t<\/div>\n\t\t\t\t<\/div>\n\t\t\t<\/div><\/p>\n","protected":false},"author":1,"featured_media":0,"parent":0,"menu_order":0,"comment_status":"closed","ping_status":"closed","template":"","meta":{"_et_pb_use_builder":"on","_et_pb_old_content":"","_et_gb_content_width":"","footnotes":""},"yoast_head":"<!-- This site is optimized with the Yoast SEO plugin v23.5 - https:\/\/yoast.com\/wordpress\/plugins\/seo\/ -->\n<title>D\u00favidas Frequentes - Hiper Dom\u00e9stica<\/title>\n<meta name=\"robots\" content=\"index, follow, max-snippet:-1, max-image-preview:large, max-video-preview:-1\" \/>\n<link rel=\"canonical\" href=\"https:\/\/www.hiperdomestica.com.br\/index.php\/duvidas-frequentes\/\" \/>\n<meta property=\"og:locale\" content=\"pt_BR\" \/>\n<meta property=\"og:type\" content=\"article\" \/>\n<meta property=\"og:title\" content=\"D\u00favidas Frequentes - Hiper Dom\u00e9stica\" \/>\n<meta property=\"og:description\" content=\"D\u00daVIDAS FREQUENTES\" \/>\n<meta property=\"og:url\" content=\"https:\/\/www.hiperdomestica.com.br\/index.php\/duvidas-frequentes\/\" \/>\n<meta property=\"og:site_name\" content=\"Hiper Dom\u00e9stica\" \/>\n<meta property=\"article:publisher\" content=\"https:\/\/www.facebook.com\/hiperdomestica\" \/>\n<meta property=\"article:modified_time\" content=\"2024-03-09T14:19:57+00:00\" \/>\n<meta name=\"twitter:card\" content=\"summary_large_image\" \/>\n<meta name=\"twitter:label1\" content=\"Est. tempo de leitura\" \/>\n\t<meta name=\"twitter:data1\" content=\"7 minutos\" \/>\n<script type=\"application\/ld+json\" class=\"yoast-schema-graph\">{\"@context\":\"https:\/\/schema.org\",\"@graph\":[{\"@type\":\"WebPage\",\"@id\":\"https:\/\/www.hiperdomestica.com.br\/index.php\/duvidas-frequentes\/\",\"url\":\"https:\/\/www.hiperdomestica.com.br\/index.php\/duvidas-frequentes\/\",\"name\":\"D\u00favidas Frequentes - Hiper Dom\u00e9stica\",\"isPartOf\":{\"@id\":\"https:\/\/www.hiperdomestica.com.br\/#website\"},\"datePublished\":\"2024-02-24T02:08:53+00:00\",\"dateModified\":\"2024-03-09T14:19:57+00:00\",\"breadcrumb\":{\"@id\":\"https:\/\/www.hiperdomestica.com.br\/index.php\/duvidas-frequentes\/#breadcrumb\"},\"inLanguage\":\"pt-BR\",\"potentialAction\":[{\"@type\":\"ReadAction\",\"target\":[\"https:\/\/www.hiperdomestica.com.br\/index.php\/duvidas-frequentes\/\"]}]},{\"@type\":\"BreadcrumbList\",\"@id\":\"https:\/\/www.hiperdomestica.com.br\/index.php\/duvidas-frequentes\/#breadcrumb\",\"itemListElement\":[{\"@type\":\"ListItem\",\"position\":1,\"name\":\"In\u00edcio\",\"item\":\"https:\/\/www.hiperdomestica.com.br\/\"},{\"@type\":\"ListItem\",\"position\":2,\"name\":\"D\u00favidas Frequentes\"}]},{\"@type\":\"WebSite\",\"@id\":\"https:\/\/www.hiperdomestica.com.br\/#website\",\"url\":\"https:\/\/www.hiperdomestica.com.br\/\",\"name\":\"Hiper Dom\u00e9stica\",\"description\":\"\",\"publisher\":{\"@id\":\"https:\/\/www.hiperdomestica.com.br\/#organization\"},\"potentialAction\":[{\"@type\":\"SearchAction\",\"target\":{\"@type\":\"EntryPoint\",\"urlTemplate\":\"https:\/\/www.hiperdomestica.com.br\/?s={search_term_string}\"},\"query-input\":{\"@type\":\"PropertyValueSpecification\",\"valueRequired\":true,\"valueName\":\"search_term_string\"}}],\"inLanguage\":\"pt-BR\"},{\"@type\":\"Organization\",\"@id\":\"https:\/\/www.hiperdomestica.com.br\/#organization\",\"name\":\"Hiper Dom\u00e9stica\",\"url\":\"https:\/\/www.hiperdomestica.com.br\/\",\"logo\":{\"@type\":\"ImageObject\",\"inLanguage\":\"pt-BR\",\"@id\":\"https:\/\/www.hiperdomestica.com.br\/#\/schema\/logo\/image\/\",\"url\":\"https:\/\/www.hiperdomestica.com.br\/wp-content\/uploads\/2024\/02\/LOGO_HIPERDOMESTICA_Inteligente_300.png\",\"contentUrl\":\"https:\/\/www.hiperdomestica.com.br\/wp-content\/uploads\/2024\/02\/LOGO_HIPERDOMESTICA_Inteligente_300.png\",\"width\":300,\"height\":108,\"caption\":\"Hiper Dom\u00e9stica\"},\"image\":{\"@id\":\"https:\/\/www.hiperdomestica.com.br\/#\/schema\/logo\/image\/\"},\"sameAs\":[\"https:\/\/www.facebook.com\/hiperdomestica\",\"https:\/\/www.instagram.com\/hiperdomestica\/\"]}]}<\/script>\n<!-- \/ Yoast SEO plugin. -->","yoast_head_json":{"title":"D\u00favidas Frequentes - Hiper Dom\u00e9stica","robots":{"index":"index","follow":"follow","max-snippet":"max-snippet:-1","max-image-preview":"max-image-preview:large","max-video-preview":"max-video-preview:-1"},"canonical":"https:\/\/www.hiperdomestica.com.br\/index.php\/duvidas-frequentes\/","og_locale":"pt_BR","og_type":"article","og_title":"D\u00favidas Frequentes - Hiper Dom\u00e9stica","og_description":"D\u00daVIDAS FREQUENTES","og_url":"https:\/\/www.hiperdomestica.com.br\/index.php\/duvidas-frequentes\/","og_site_name":"Hiper Dom\u00e9stica","article_publisher":"https:\/\/www.facebook.com\/hiperdomestica","article_modified_time":"2024-03-09T14:19:57+00:00","twitter_card":"summary_large_image","twitter_misc":{"Est. tempo de leitura":"7 minutos"},"schema":{"@context":"https:\/\/schema.org","@graph":[{"@type":"WebPage","@id":"https:\/\/www.hiperdomestica.com.br\/index.php\/duvidas-frequentes\/","url":"https:\/\/www.hiperdomestica.com.br\/index.php\/duvidas-frequentes\/","name":"D\u00favidas Frequentes - Hiper Dom\u00e9stica","isPartOf":{"@id":"https:\/\/www.hiperdomestica.com.br\/#website"},"datePublished":"2024-02-24T02:08:53+00:00","dateModified":"2024-03-09T14:19:57+00:00","breadcrumb":{"@id":"https:\/\/www.hiperdomestica.com.br\/index.php\/duvidas-frequentes\/#breadcrumb"},"inLanguage":"pt-BR","potentialAction":[{"@type":"ReadAction","target":["https:\/\/www.hiperdomestica.com.br\/index.php\/duvidas-frequentes\/"]}]},{"@type":"BreadcrumbList","@id":"https:\/\/www.hiperdomestica.com.br\/index.php\/duvidas-frequentes\/#breadcrumb","itemListElement":[{"@type":"ListItem","position":1,"name":"In\u00edcio","item":"https:\/\/www.hiperdomestica.com.br\/"},{"@type":"ListItem","position":2,"name":"D\u00favidas Frequentes"}]},{"@type":"WebSite","@id":"https:\/\/www.hiperdomestica.com.br\/#website","url":"https:\/\/www.hiperdomestica.com.br\/","name":"Hiper Dom\u00e9stica","description":"","publisher":{"@id":"https:\/\/www.hiperdomestica.com.br\/#organization"},"potentialAction":[{"@type":"SearchAction","target":{"@type":"EntryPoint","urlTemplate":"https:\/\/www.hiperdomestica.com.br\/?s={search_term_string}"},"query-input":{"@type":"PropertyValueSpecification","valueRequired":true,"valueName":"search_term_string"}}],"inLanguage":"pt-BR"},{"@type":"Organization","@id":"https:\/\/www.hiperdomestica.com.br\/#organization","name":"Hiper Dom\u00e9stica","url":"https:\/\/www.hiperdomestica.com.br\/","logo":{"@type":"ImageObject","inLanguage":"pt-BR","@id":"https:\/\/www.hiperdomestica.com.br\/#\/schema\/logo\/image\/","url":"https:\/\/www.hiperdomestica.com.br\/wp-content\/uploads\/2024\/02\/LOGO_HIPERDOMESTICA_Inteligente_300.png","contentUrl":"https:\/\/www.hiperdomestica.com.br\/wp-content\/uploads\/2024\/02\/LOGO_HIPERDOMESTICA_Inteligente_300.png","width":300,"height":108,"caption":"Hiper Dom\u00e9stica"},"image":{"@id":"https:\/\/www.hiperdomestica.com.br\/#\/schema\/logo\/image\/"},"sameAs":["https:\/\/www.facebook.com\/hiperdomestica","https:\/\/www.instagram.com\/hiperdomestica\/"]}]}},"_links":{"self":[{"href":"https:\/\/www.hiperdomestica.com.br\/index.php\/wp-json\/wp\/v2\/pages\/8388"}],"collection":[{"href":"https:\/\/www.hiperdomestica.com.br\/index.php\/wp-json\/wp\/v2\/pages"}],"about":[{"href":"https:\/\/www.hiperdomestica.com.br\/index.php\/wp-json\/wp\/v2\/types\/page"}],"author":[{"embeddable":true,"href":"https:\/\/www.hiperdomestica.com.br\/index.php\/wp-json\/wp\/v2\/users\/1"}],"replies":[{"embeddable":true,"href":"https:\/\/www.hiperdomestica.com.br\/index.php\/wp-json\/wp\/v2\/comments?post=8388"}],"version-history":[{"count":8,"href":"https:\/\/www.hiperdomestica.com.br\/index.php\/wp-json\/wp\/v2\/pages\/8388\/revisions"}],"predecessor-version":[{"id":8676,"href":"https:\/\/www.hiperdomestica.com.br\/index.php\/wp-json\/wp\/v2\/pages\/8388\/revisions\/8676"}],"wp:attachment":[{"href":"https:\/\/www.hiperdomestica.com.br\/index.php\/wp-json\/wp\/v2\/media?parent=8388"}],"curies":[{"name":"wp","href":"https:\/\/api.w.org\/{rel}","templated":true}]}}